 is the units digit of p?
1
Suppose -5*u + 2 + 13 = 0. Let l(p) = 5*p + 1. What is the units digit of l(u)?
6
Let l = 8 - 6. Suppose -4*a + 52 - 5 = w, 5*a = l*w + 75. What is the tens digit of a?
1
Let m(l) = 145*l**2 - 3*l - 2. What is the units digit of m(-1)?
6
Suppose 5*f = -4*q + 62, -q + 21 = 4*f - 0*f. What is the units digit of q?
3
Suppose 5*c - 5*n - 15 = 0, -3*c = 4*n - 27 - 10. Suppose 101 = 3*v - 5*s, -5*s = v - c - 60. What is the units digit of v?
2
Suppose 8*n = 4*n - 16. What is the units digit of (-1 - -6) + (n - -6)?
7
Let n(h) = 23*h**2 + h + 1. What is the units digit of n(-1)?
3
Suppose -a - 2*a + 573 = -t, 175 = a + 5*t. What is the tens digit of a?
9
Let q be (-1)/(3/(-2))*-3. Let h(u) = u**2 - 2*u - 2. What is the units digit of h(q)?
6
Let i = -464 + 685. What is the units digit of i?
1
Suppose 3*t = -14*t + 1734. What is the tens digit of t?
0
Let w(r) = -r**3 - 3*r**2 + 8*r + 7. Suppose 3*x + 2*n + 12 = -n, x + 3*n = -2. What is the units digit of w(x)?
7
Let o(k) = -5 + k - k + k. Let m be o(7). Let n(a) = 5*a**2 - a - 1. What is the units digit of n(m)?
7
Suppose 2*r - 3*f - 22 = 0, 7*r - 35 = 4*r + 5*f. Let b(a) = a**3 - 5*a**2 + 6*a. Let u be b(r). Suppose 3*m + 0*m = u. What is the units digit of m?
0
Suppose 3*l = 7*l - 12. Suppose -f + l + 20 = 0. What is the units digit of f?
3
Let v(s) = 0*s**3 + s - 3*s**2 - 2 + 3*s + s**3. What is the units digit of v(2)?
2
Suppose 5*o - 117 = -32. What is the units digit of o?
7
Suppose -41 = -4*t - 4*g + 51, t + 2*g = 24. What is the units digit of t?
2
Suppose 3*l + 53 = -16. Let p = l + 41. What is the tens digit of p?
1
Suppose 4*b - 4*m - 264 = 0, 2*b - 4*b + 4*m = -126. What is the units digit of b?
9
Suppose -3*c - 10 = -8*c. Suppose c*t - 5*l - 23 = 0, -2*t - 3 = -5*t - 3*l. Suppose 21 = t*i - 3*i. What is the tens digit of i?
2
Let t(z) = z**3 + 10*z**2 + 5. Let o be t(-10). Suppose -2*r + o = 3*r. What is the units digit of r?
1
Let f = 7 + -3. Suppose -b - 3 = 4*w - 7, w = 2*b + 1. Suppose b = g + 2*t + 2*t - 9, 10 = f*g + 3*t. What is the units digit of g?
1
What is the tens digit of 4/(-22) - (-12195)/99?
2
Suppose 6 = -4*i + 42. Suppose -15*z - 10 = -10*z. Let y = i + z. What is the units digit of y?
7
What is the units digit of (-3)/(-2)*(-20)/(-15)?
2
Let h(t) be the second derivative of t**5/20 + t**4/3 + t**3/2 + t**2/2 + 2*t. What is the units digit of h(-2)?
3
Suppose 0*p + 910 = 5*p. What is the tens digit of p?
8
What is the units digit of (18/7)/((-6)/(-28))?
2
Let p(i) = -3*i + 2. Let m(q) = 4*q - 3. Let x(j) = 4*m(j) + 5*p(j). Let c be x(4). What is the units digit of -2 + 5 - (2 - c)?
3
Let w be 1826/(-8) - (-2)/8. What is the units digit of 4/10 - w/30?
8
Let j be 0 - ((1 - 0) + -2). Let r(l) = 15*l**3. What is the units digit of r(j)?
5
Let j be (1 - 2)*(-10)/5. Let z be 7/3 - j/6. Suppose 4 + 8 = z*m. What is the units digit of m?
6
Let h(l) = -l**3 + 10*l**2 - 5*l - 13. Let g(x) = 10*x**3 - 2*x**2 + 1. Let i be g(1). Let y be h(i). Suppose -4*n + y = -17. What is the tens digit of n?
1
Let d be 2/3 - (-70)/21. Suppose -d*g = -2 - 38. Let t = g + -6. What is the units digit of t?
4
Suppose -2*r + 4*z = -10, 2*r - r + 3*z = 0. Suppose 0 = -r*v + 54 - 12. What is the units digit of v?
4
Suppose 5*w - 36 = -3*a, w + 3*w - 27 = -3*a. Let z = w + -5. What is the units digit of -2*(-2)/z*7?
7
Let d = -253 - -152. Let t = 144 + d. What is the units digit of t?
3
Let s = 14 - 1. Suppose 5*m + s - 38 = 0. Suppose -u + 4*u + 3*n = 30, -3*u - m*n = -32. What is the units digit of u?
9
Let c(l) be the second derivative of -l**3/6 + 3*l**2/2 + 5*l. What is the units digit of c(-15)?
8
Let y(v) = v + 10. Let z = 10 + -15. What is the units digit of y(z)?
5
Let o be (12/21)/((-6)/(-21)). Suppose 7*c - 14 = o*c - 3*g, 4*c + 8 = 4*g. What is the units digit of c?
1
Let r(p) = p**3 - 7*p**2 + 3*p + 3. Let v be r(7). Let n = 50 - v. What is the units digit of n?
6
Suppose 2*a - 11 = 111. What is the units digit of a?
1
Suppose -3*f = -1 - 14. Suppose f*x - 36 = x. What is the units digit of x?
9
Let a(h) be the second derivative of -h**5/20 - 5*h**4/12 + h**3 + 4*h**2 + 3*h. What is the units digit of a(-6)?
8
Suppose 0*d - 5*d + 540 = 0. What is the units digit of d?
8
Let a(c) = c**3 + 12*c**2 + 18*c + 5. What is the units digit of a(-9)?
6
What is the units digit of (1 + -4)*(-2 + -57)?
7
Let q = 6 + -14. Let s = 18 + q. What is the tens digit of s?
1
Let d be (-3 + 4)*1 + 2. Let l = -41 - -92. Suppose y - l = -d*y + g, g - 14 = -y. What is the tens digit of y?
1
Suppose o = 5*m - 0 - 3, -3*o = 5*m - 11. What is the units digit of 3 + 4*(2 + o)?
9
Suppose -s - 351 = -5*g, -99 = 4*g + 5*s - 374. What is the units digit of g?
0
Suppose -3*m - 3*d + 15 = -m, -2*m = -3*d + 3. Let f = 0 + m. Suppose x + f*x = 12. What is the units digit of x?
3
Let l(k) = -k**2 - 10*k - 10. What is the units digit of l(-6)?
4
Let w = 96 - -151. What is the hundreds digit of w?
2
Let l(r) = r**2 + 3*r. Suppose 0 = -5*g + v - 19, -4*g - 19 = 4*v - v. What is the units digit of l(g)?
4
What is the units digit of 5 - 2 - (-8 + -89)?
0
Let b be 3*3/(-18)*-4. What is the units digit of 3 - 6/(-4)*b?
6
Let z(p) be the second derivative of -p**5/20 - p**4/12 + p**3/6 - p**2/2 - 2*p. Let o be z(1). What is the units digit of o*(0/(-1) + -1)?
2
Let r = 48 + -9. What is the tens digit of r?
3
Let n = -10 - -17. What is the units digit of n?
7
Let p(b) = -b + 9. Let t be p(7). Suppose -m + 2*m + t = 0. What is the units digit of 2 + m + 1 - 0?
1
Let s = 2 + 3. Suppose -s*o = 5*w - 51 - 34, -4*o = 5*w - 65. What is the tens digit of o?
2
Let v(f) = 50*f**2 - 1. Let d be v(1). Let s = d + -23. What is the units digit of s?
6
Suppose 8 + 1 = -3*t. What is the units digit of ((-12)/9)/(1/t)?
4
Let c be 16/56 - 4/14. Let k(o) = o**2 + 1. What is the units digit of k(c)?
1
Let h(k) = -3*k. Let g be h(2). What is the units digit of (g/7)/(1/(-14))?
2
Let u(h) = -h**3 - 3*h**2 + 3*h + 3. What is the units digit of u(-4)?
7
Suppose -g + 6*g = 10. Let h(t) = -3 + 0*t + g + t. What is the units digit of h(9)?
8
Suppose 0 = 5*o + 2*w - 246, 0 = -3*w + 6 + 3. What is the tens digit of o?
4
Suppose 4*v - 4 = 4. Suppose -3*a = -v - 1. What is the units digit of a?
1
Let r(m) = 4*m + 1. What is the tens digit of r(7)?
2
Suppose -61 = -5*o - c, -2*o + 4*c + 17 = -3. Let i = 24 - o. What is the units digit of i?
2
Let t be 4 + -5 + (-1 - 1). What is the tens digit of 8/t*(1 + -7)?
1
Suppose -2*k = -0*k - 6. Suppose k*m - 8*m + 145 = 0. What is the tens digit of m?
2
Let g be -2 + 2 - 9/3. What is the units digit of 4/(-6)*g + 6?
8
Suppose 2*l = -2*n + 4*n, -2*n = -5*l + 12. Suppose z - 17 = -3*i + 25, 0 = -4*z + n*i + 152. What is the units digit of z?
9
Let o = -4 - -6. Suppose -15 = -5*q, 0*q - o = 2*h - 4*q. What is the units digit of h?
5
Suppose 10 = 2*w, 2*k + 2*w = -3*w + 47. What is the tens digit of k?
1
Let n = 6 + 14. What is the units digit of (n/10)/(-1 - -3)?
1
Suppose 5*q = q - 20. Let a = -3 - q. What is the units digit of a - -4 - (-1)/(-1)?
5
Suppose 0 = -4*a - 16 + 60. Let q = a - 6. Suppose 0*r - 15 = -q*r. What is the units digit of r?
3
Let n(m) = m + 6. Let c(h) = h**3 - 7*h**2 + 5*h + 6. Let q be c(6). What is the units digit of n(q)?
6
Let d be 2/(1 - 7)*-9. Suppose r + r = 6. Suppose r + 12 = d*z. What is the units digit of z?
5
Suppose -z = 7 - 8. What is the units digit of z?
1
What is the tens digit of (475/(-10))/((-4)/8)?
9
Let x = 17 - 9. Let z be 6/x - 3/4. Suppose z = k + 3*k - 12. What is the units digit of k?
3
Suppose -101 = -5*y - k - 2*k, 0 = 2*y - 3*k - 53. Suppose -2*l - 3*i + y = 0, i = 4*l + l - 38. What is the units digit of l?
8
Suppose 2*j - 2*g - 120 = 0, 0 = j - 2*j - 4*g + 35. Suppose 0 = 2*o - j + 19. What is the units digit of o?
8
Suppose -i + 5*h + 93 = 0, -2 = -5*h + 3. Let k = i - 48. What is the units digit of k?
0
Let i(w) = -w**3 + 182. What is the units digit of i(0)?
2
Let i(o) = -o**2 - 7*o + 31. What is the units digit of i(-9)?
3
Suppose -4*u - 32 = 16. Let g be 13 - -4 - 0/(-2). Let l = g + u. What is the units digit of l?
5
What is the tens digit of 1 + -5 + (30 - -1)?
2
Suppose -1 = -3*q - 2*n + 1, 0 = q - 2*n + 2. Suppose 3*u = -c + 71, 